ose -184 = -5*c - 3*n, -c - 5*n + 76 = 26. Is 5*109627/c*1 a composite number?
False
Let i(h) = h**2 - h. Let x(v) = -7*v**3 - 7*v**2 - 8*v + 19. Let n(r) = -2*i(r) - x(r). Is n(6) prime?
True
Is (((-21)/(-35))/(-3)*2)/((-2)/837965) composite?
False
Let d(h) = 15699*h**2 - 7*h + 32. Let x be d(3). Suppose -23*c = -x - 138999. Is c a composite number?
True
Let l = 18796 + 109127. Is l composite?
True
Let g = -81036 - -142627. Is g a composite number?
True
Suppose -7*t + 378525 = 8*t. Let y = t + -10881. Is y a composite number?
True
Let o(d) = 3*d**2 - 3. Let i be o(-2). Suppose -11 = 5*n + i. Let l = 9 - n. Is l a composite number?
False
Suppose 18*j = 2201 + 12451. Let d = j - 437. Is d composite?
True
Let g(d) = 4*d + 11. Let p be g(-2). Suppose -p + 9 = -6*l. Is (-297)/l - (-6)/3 a composite number?
True
Let x = 9466 + -5757. Is x*3/3 + -5 - -3 a composite number?
True
Let t be -1 + -1 + 4 + -3. Is (-47352)/48*t*2 composite?
False
Let s be (-10 + 9)*(0 - -28). Suppose 19*h + 285 = 16*h. Let x = s - h. Is x a prime number?
True
Let p = 14 + -12. Suppose r = 0, p*l - 2560 = -2*l + 5*r. Suppose -l - 1155 = -5*y. Is y composite?
False
Let x = 13823 - -31640. Is x a prime number?
False
Suppose 0 = -2*t - 5*f + 6 + 147, 3*f = 5*t - 367. Suppose -1266 = -t*l + 72*l. Is l composite?
True
Is (-226)/1582 - (-3731582)/7 a prime number?
False
Suppose 0*u + 452 = -u. Let o = -664 + 435. Let v = o - u. Is v a composite number?
False
Let k(w) = -38*w**3 - 5*w**2 + 6*w - 8. Is k(-7) composite?
False
Let w(t) = 5863*t**2 + 636*t - 7417. Is w(12) composite?
True
Let w(z) = z**3 + 8*z**2 + 16*z + 8. Let s be w(-6). Let u be (-134)/s + 6/(-16). Is u/4 - (-1 - 334) a prime number?
True
Let i(g) = -5281*g**3 - 4*g**2 + 26*g + 342. Is i(-7) a composite number?
False
Let n = 163832 + -42429. Is n a composite number?
False
Let l be ((-10)/(-8))/((-4)/(-134864)). Suppose -9*d + 34040 = -l. Is d prime?
False
Suppose -1162309 = 26*b - 67*b. Is b a composite number?
False
Let d be ((-88)/8)/(1/(-4)). Let u = d - 46. Is (-721)/(-1) - (1 + (u - -3)) composite?
False
Let i(c) be the second derivative of 5*c**4/2 + 17*c**3/6 + 2*c**2 - 4*c + 9. Suppose b = 4*b - 15. Is i(b) composite?
False
Is 6319 + -2 + (2 - -1 - 9) a composite number?
False
Let b(d) = -2*d**3 + d**2 - 4*d + 185119. Is b(0) a prime number?
False
Let o(q) = 44*q**2 - 27*q + 269. Is o(-34) prime?
True
Let a be (-3 + 834)*128/48. Suppose 5*n = -3*z + 40810, 5*z - 65769 = -2*n + a. Is z composite?
True
Let x = 5925 - -5095. Suppose -4 = 2*v, 4*v - x = -3*q + 6915. Is q prime?
True
Suppose -116 = -2*l - 4*b, 3*l - 3*b = 2*b + 207. Suppose 2*o - w = l, -3*o - 5*w = -2*o - 54. Suppose -m + o = -283. Is m a prime number?
True
Suppose 0 = u - 11*g - 26197, u - 4001 = g + 22156. Is u composite?
False
Suppose -33116 = -20*g + 19*g + 6*x, 2*g - 4*x - 66240 = 0. Is g a composite number?
True
Suppose 7*j - 6*j = -10*j + 254287. Is j a prime number?
True
Let w(s) be the second derivative of s**4/4 + 38*s**3/3 + 13*s**2/2 + 2*s - 1. Is w(-28) composite?
True
Let k(i) = -546*i**3 - 8*i**2 - 2*i - 6. Let n be k(-6). Suppose -n = -8*j + 40754. Is j prime?
True
Suppose 7*f = 2*f + 3340. Let l = f + 5. Is l prime?
True
Let v(j) = -73*j**3 + 35*j**2 + 56*j + 115. Is v(-14) prime?
False
Let u(g) = -6*g**2 + g**3 - 6 + 2 + 9*g + 4 - 1. Is u(15) composite?
True
Let j(z) = 9536*z + 57. Is j(5) composite?
False
Let c be (-90)/(-50)*10/3 - -3203. Let u(q) = q**3 + 6*q**2 - 8*q - 4. Let h be u(-7). Suppose -4*f - 601 + c = h*a, 5*f - 3279 = a. Is f prime?
False
Let q = -1293 - -2832. Let i = q - 41. Suppose 270 - i = -2*t. Is t a composite number?
True
Suppose 7*d - 16 = 5. Suppose d*g + 12317 = 5*a, 4*g - g - 4910 = -2*a. Is a a composite number?
True
Let c be (-1)/((-1)/6)*(-3)/(-6). Suppose -c*b = 2*k - 9205, 2*k + 2*b - 9195 = b. Is k a prime number?
False
Let u(i) = 36 + 153*i - 3 + 24. Is u(12) prime?
False
Let f(u) be the first derivative of 286*u**3/3 - u**2 - u + 29. Let l be 1 + -4 + 3 - 1. Is f(l) prime?
False
Let n be (-34 - -30)*(0 + (-114321)/12). Let z = n - 25650. Is z a composite number?
False
Let s(h) = -2*h - 36. Let a be s(-19). Suppose 3*q + a*q + 3*c = 11345, 4*q + 4*c = 9076. Is q a composite number?
False
Let k(f) = -2014*f + 91. Let o be k(-7). Let b = o - 7384. Is b a prime number?
False
Let b be ((72/42)/3)/((-1)/(-7)). Let d(r) = -r**2 + 4*r. Let t be d(b). Suppose 21*c - 16*c - 3245 = t. Is c prime?
False
Suppose -4*q + 37*r + 303593 = 32*r, 5*q - 379504 = 2*r. Is q composite?
True
Suppose 2*l - 3*x = -18, l - 3*x + 7 = -x. Let b be 2/5 - (-3)/(l/(-8)). Suppose 0*v + 1 = -v, -3*v = b*t - 1939. Is t composite?
False
Let o(s) = -15*s**3 - 17*s**2 - 25*s + 11. Suppose 2*y + 20 = a + 16, -2*a - 2 = -2*y. Is o(a) composite?
False
Let t = 35753 - 4716. Is t a prime number?
False
Suppose -4149 = 3*y - 3*v - 86517, 0 = -3*v - 15. Suppose 73*i - 3*l = 74*i - 5483, -3*l = -5*i + y. Is i a composite number?
True
Let m(b) = -23*b + 3*b + 12*b + 4 + 2416*b**2 - 5. Is m(2) composite?
True
Let x(y) = 6 - 34*y**2 + 39*y**2 + 2 - 11*y - 2. Let h be x(8). Let w = h - -499. Is w prime?
False
Let u(x) = 5015*x**3 - 5*x**2 + 5*x + 2. Is u(1) a prime number?
False
Suppose -38*d - 38*d + 829084 = 0. Is d composite?
False
Suppose 0 = -10*x + 5921978 - 597088. Is x prime?
True
Is (((-71737785)/(-36))/35)/(6/8) a prime number?
True
Suppose -3*p = -23 + 14. Let d be ((8/p)/4)/((-2)/27). Is (-16821)/d*(-2)/(-6) prime?
False
Suppose -63*c + 194 = 5. Suppose -3*j = 4*o - 18557, -c*j = -5*o + 5147 - 23713. Is j prime?
False
Suppose 18*f - 174278 = -52709 + 5886273. Is f prime?
True
Let b be (-2)/(10/95 - 0). Let j = b + 1530. Is j a composite number?
False
Suppose 190786 = a + 3*u, 4*a - 411373 = 2*u + 351757. Is a a composite number?
False
Let l be (-2 + -3 - -1) + (6973 - -9). Suppose -l = -47*y + 45*y. Is y prime?
False
Let i be ((-1)/2)/(11 + 270/(-24)). Suppose 5*a - 915 = -5*j, -i*j = a + 7 - 369. Is j prime?
True
Suppose -4*p + 280142 = 5*a, -34*p + 29*p = 4*a - 350173. Is p prime?
False
Let h(c) = -85*c**3 - 6*c**2 + 5*c + 4. Let t be 2/(40/(-225) - 2/9). Is h(t) prime?
False
Suppose -43*y + 36*y + 168 = 0. Suppose -y*o = -10*o - 202454. Is o prime?
True
Let w = 19 + -4. Let g(h) = h - 36. Let x be g(w). Is (581/x)/((-2)/18) prime?
False
Let m be -1093*(-2 + 2 + 1). Let i = -1861 - -1355. Let g = i - m. Is g composite?
False
Let p(c) = 10*c**2 + 200*c + 121. Is p(-59) composite?
False
Suppose -3*q = 3*u - 4632, -3483 = -5*u + 4*q + 4201. Let j = 6321 + u. Is j composite?
True
Suppose 53*v - 52*v - 13302 = 0. Let r be (v/(-12))/((-3)/8). Suppose 3*w = 4*a + w - r, 2*a - 3*w = 1486. Is a prime?
False
Let t = 2899 + -6674. Let i = t + 17556. Is i a composite number?
False
Let g(a) = -14*a + 70*a + 113 - 19*a. Is g(18) composite?
True
Suppose -2*b - 16 = -0*b - 4*x, -2 = -2*b - 5*x. Is (-27865)/(-10) + -1 - (-2)/b a prime number?
False
Let w(q) = 3875*q**3 - 19*q**2 + 85*q + 11. Is w(4) a composite number?
True
Let p = 4381056 - 2132989. Is p a prime number?
True
Suppose -2 = 3*k - 5*k. Let z be 5 + -2 - (0 + k). Suppose 0 = -z*q + 99 + 179. Is q a prime number?
True
Is (-162923)/(-4) + (-43)/(-172) composite?
True
Let q = 28457 - 11514. Is q a prime number?
True
Let i = -441371 + 765012. Is i composite?
False
Let m = -104 - -107. Suppose 0 = m*f - 8695 - 5414. Is f prime?
True
Let g be (-1 + -2)*(-64)/48. Is 78307/5 + g/40*-4 a prime number?
True
Suppose -5*q = -0*q - 5790. Suppose -462 = -c + q. Suppose 0 = -4*t + 20, 5*j + 4*t - t = c. Is j a composite number?
True
Suppose 61*x + 239*x = 28*x + 73878736. Is x a composite number?
True
Let a(n) be the second derivative of n**4/6 - 51*n**2/2 - n - 2. Is a(-7) a composite number?
False
Let i(p) = -22*p - 45. Let h be i(-22). Let b = 2440 + h. Is b a prime number?
True
Let c(z) = 27862*z + 18. Let q be c(6). Let d be q/120 - (-2)/(-8). Suppose 4*i - 2217 = 5*k - 355, 3*i - d = 2*k. Is i composite?
False
Let s(j) = -3*j - 31. Let m be s(-10). Let o be 8 + m*(4 + 0). Suppose 3*f - 1137 = -2*u, 5*f - o*u - 1895 = -3*u. Is f a composite number?
False
Let b(q) be the third derivative of 7*q**5/60 + 9*q**4/8 + 125*q**3/6 + 43*q**2. Is b(18) composite?
False
Suppose 2*w = -10*w + 1341